tors of b.
5, 43
Let g be (-7)/(3*1/3). Let u(v) = -v**3 - 7*v**2 + 7. Let l be u(g). Suppose -28 = -l*t + 3*t. What are the prime factors of t?
7
Let z be 93/(-2)*(-20)/30. Let t be (1 + -70)/((-2)/2). Let c = t - z. What are the prime factors of c?
2, 19
Suppose 0*y = -13*y + 26. Suppose 0*z = -3*z - 3*n + 249, -y*z + 2*n + 170 = 0. List the prime factors of z.
2, 3, 7
Let f be 6/(-27) + 178/(-9). Let w be f/15*3/(-2). Let b = w + 0. What are the prime factors of b?
2
Let z(y) = 4*y**2 - 9*y - 2. Let k be -2*5/(30/(-9)). Suppose -k*l - 8 = -5*l. List the prime factors of z(l).
2, 13
Let t(o) = -2*o**3 + 12*o**2 + 19*o + 19. What are the prime factors of t(-7)?
2, 5, 29
Suppose -4*o - 18 - 34 = 0. Let r(g) = -19*g - 17. Let a(d) = 5*d + 4. Let k(q) = 22*a(q) + 6*r(q). List the prime factors of k(o).
2, 19
Let m(i) = -10*i. Let n be m(1). Let f(g) = -g**2 - 12*g - 4. List the prime factors of f(n).
2
Let z = -4216 + 7047. What are the prime factors of z?
19, 149
Suppose 0 = -15*t + 8*t. List the prime factors of (-5)/20*-404 + (t - -2).
103
Let i(r) = r**3 - 5*r**2 + 5*r - 1. Let n be i(4). Let o = -49 - -113. Suppose 0 = n*v - o - 2. List the prime factors of v.
2, 11
Let u(z) = 99*z + 24. List the prime factors of u(4).
2, 3, 5, 7
Let l(h) = 3*h**2 + 5*h - 7. Suppose -4 - 6 = -2*f. List the prime factors of l(f).
3, 31
Suppose -k + i = -6*k + 1015, -3*k + 609 = i. What are the prime factors of k?
7, 29
Let c(r) = 13*r**2 + 3*r - 1. Let p(v) = -26*v**2 - 7*v + 3. Let y(l) = 7*c(l) + 3*p(l). What are the prime factors of y(2)?
2, 3
Let a be ((-2)/(-4))/(2/20). Suppose -3*k - i = -3, k = -44*i + 42*i - 4. Suppose 52 = a*t - t + 4*x, 13 = t - k*x. What are the prime factors of t?
13
Let h(x) = 4*x**2 - 13*x - 313. What are the prime factors of h(-30)?
3677
Let r be 12/(-8) + 3/(-2). Let y = r + 9. Suppose 3*w + 5*l + y = 0, w - l - 3*l = 15. List the prime factors of w.
3
Let t = -29 + 8. List the prime factors of (-1828)/(-28) + 6/t.
5, 13
Let k(b) = b**2 + b. Let u(d) = 2*d**2 - 6*d - 3. Let i(h) = 3*k(h) + u(h). Let m be 6/(7 + -3 - 2). List the prime factors of i(m).
3, 11
List the prime factors of 63/(-2)*23*24/(-14).
2, 3, 23
Suppose -12*g + 6816 = -6*g. What are the prime factors of g?
2, 71
Let q(n) = -9*n**3 + 6*n**2 + 4*n + 9. What are the prime factors of q(-4)?
5, 7, 19
Let p = 17 + -2. Let a be 244/5 - (-3)/p. Suppose 121 = 3*o - 5*w, o + 3*w - a = -o. List the prime factors of o.
2
Suppose -81 = -12*f - 33. Suppose 0*p + 2*p - 148 = 5*r, f*r = 4*p - 296. List the prime factors of p.
2, 37
Let m = 15 + 13. Suppose 182 = b + 2*b - c, -4*c = 3*b - 202. Suppose 2*o = b + m. What are the prime factors of o?
3, 5
Suppose 6 = -m + 10. List the prime factors of ((-4)/m)/(-1) - -17.
2, 3
Suppose -387 = -5*k - 112. List the prime factors of k.
5, 11
Suppose -32*o - 4*o + 41904 = 0. What are the prime factors of o?
2, 3, 97
Suppose -3*i - 3*p = 45, 12 = 2*p - 6*p. Let k = i - -16. Suppose v - 3*q - 14 = 0, 68 + 20 = 4*v - k*q. What are the prime factors of v?
2, 13
Suppose -2*l - 3*b + 11 = 2*l, -2*b - 31 = -5*l. Suppose -2*j = -a + 2*j - 2, -l*a - 10 = -2*j. List the prime factors of 2 + (4/a - -13).
13
Let j(y) be the third derivative of y**5/15 + y**4/24 + 2*y**3/3 + 13*y**2. What are the prime factors of j(5)?
109
Let w = 548 - 144. What are the prime factors of w?
2, 101
Let q(v) = v**2 + 3*v. Let r be q(-4). Let b = 82 + -78. Suppose 2*x = -b*g + 82, -3*x - 2*x = -r*g - 149. List the prime factors of x.
3, 11
Suppose -w + 153 = 3*u, -w - 420 = -4*w + 4*u. What are the prime factors of w?
2, 3
Let v(r) = -r**3 - 10*r**2 - 19*r. Let p(i) = -i**3 - 8*i**2 + 2*i + 8. Let k be p(-8). List the prime factors of v(k).
2, 3
Let n = -174 - -324. List the prime factors of n/20*(-4)/(-6).
5
Let v = 81 - -38. List the prime factors of 1/(-1) + 1 + -3 + v.
2, 29
Let l(n) = -3*n**3 + 1 + 4*n**3 + 421*n**2 - 419*n**2 - 2*n. Suppose 4*u = 2*g + 10, -u - 5 = -2*g - 2*u. List the prime factors of l(g).
2
Suppose 0 = -5*y - 3*t + 39, -2*y + 1 + 2 = -3*t. Let w = y - -43. What are the prime factors of w?
7
Let x = -186 - -349. List the prime factors of x.
163
Let n = -91 + 110. Suppose -b = -5*r + 33, -3*r = -0*r - b - n. What are the prime factors of r?
7
Let f = -33 - -2. Let a = 16 - f. List the prime factors of a.
47
Let p(i) = i**2 + 3*i + 1. Suppose -5*n = 4*t + 29, -3*t + 0*n - 20 = 2*n. List the prime factors of p(t).
19
Let d be 69*1 - (-2 + 5). Let s = 198 + d. What are the prime factors of s/30*5/2?
2, 11
Let a = -482 + 793. List the prime factors of a.
311
Let q be (6 - 4) + 4/1. Let x = q + -6. Suppose -4*o + 88 = -x*o. What are the prime factors of o?
2, 11
Let t = -47 - -468. Suppose -5*z + t = -9. List the prime factors of z.
2, 43
Let j = -1994 + 4038. What are the prime factors of j?
2, 7, 73
Let u = -1 + 32. Suppose 4*a - u = -7. Suppose 5*j = -5*d + 50, 3*j + 5*d + 54 = a*j. What are the prime factors of j?
13
Let b = -7 + 11. Suppose -b*o - 2 = -18. Suppose 48 = -0*k + o*k. List the prime factors of k.
2, 3
Let s(g) = g**2 + 7*g + 5. Let i = 46 + -56. List the prime factors of s(i).
5, 7
List the prime factors of 3/6*554 + 36/12.
2, 5, 7
Let c be -5*(-215)/(8 + -3). Let y be (0 - (-2 + -1)) + c. Suppose 2*p + 76 - y = 0. List the prime factors of p.
71
Let r(i) = -41*i + 19. Let v be r(-9). Suppose v + 162 = 10*g. What are the prime factors of g?
5, 11
Let j(b) = 3*b**2 + 4*b + 10. Let d(n) = 8*n**2 + 13*n + 31. Let g(t) = -4*d(t) + 11*j(t). List the prime factors of g(-8).
2, 3, 19
Suppose 5*l = 5, -2*m + m = 5*l + 7. Let k be 1/(-2)*-1*58. Let z = k + m. What are the prime factors of z?
17
Suppose 2*k - t = 3*t - 2, 0 = -3*k - 3*t + 15. Let v(p) = 3*p**3 + 3*p**2 + 4*p - 4. What are the prime factors of v(k)?
2, 29
Let v(x) = 6*x + 2. List the prime factors of v(11).
2, 17
Suppose t - 100 = 38. Let k = -67 + t. List the prime factors of k.
71
Let j be (-8)/(-12) - 247/(-3). Let w = j + -59. What are the prime factors of w?
2, 3
Let y(d) = d**3 - 8*d**2 + 2*d - 11. Let w be y(8). Suppose w*z = k + 1020, -2*z - 5*k = -3*z + 228. List the prime factors of z.
7, 29
Let c be (6/(-5))/(1/(-10)). Suppose 4*d - c = 0, 227 = 4*h + d - 100. List the prime factors of h.
3
Let j = -96 - 81. Let z = 254 + j. What are the prime factors of z?
7, 11
Let u(f) = f**3 - 10*f**2 - 3*f - 5. Let w(o) = 2*o**3 - 20*o**2 - 5*o - 11. Let b(v) = -9*u(v) + 4*w(v). List the prime factors of b(10).
71
Suppose -612*z + 9955 = -607*z. List the prime factors of z.
11, 181
Let p(c) = c**2 + 5*c + 9. What are the prime factors of p(-6)?
3, 5
Let v = -873 - -1267. What are the prime factors of v?
2, 197
Let r be (4/3)/((-5)/30). Let b be (r/(-10))/(6/570). Suppose 2*s - b = -4*d, -4*s - 5*d + 152 = -2*d. What are the prime factors of s?
2, 19
Suppose 0*z + 3*z = -u + 2714, -4*u = 16. List the prime factors of z.
2, 3, 151
Let w(l) = 118*l - 6. Let n be w(3). Suppose -3*r = 4*c - 436, r = 4*c - 72 - n. What are the prime factors of c?
2, 53
Suppose -r - 15 = f, -26 = r - 2*f - 8. Suppose -t = -b - 27, 3*t - 26 = 2*t + 2*b. Let q = t + r. List the prime factors of q.
2, 3
Let f = 64 - -640. What are the prime factors of f?
2, 11
Suppose -5*u - 6 = 19, 0 = 2*t + u - 4617. What are the prime factors of t?
2311
Let z = -16 + 176. Suppose 30*m + z = 31*m. List the prime factors of m.
2, 5
Let c(b) = -b**2 - 46*b + 109. What are the prime factors of c(-24)?
7, 13
Let v(i) = 5*i**3 - 57*i**2 - i - 146. Let b(m) = 2*m**3 - 19*m**2 - 49. Let w(l) = -8*b(l) + 3*v(l). List the prime factors of w(-19).
11
Let b = -20 - 17. Let c = b - -1. What are the prime factors of c/15*(-1 + -4)?
2, 3
Let k(r) = r**3 + 17*r**2 - 30*r + 12. List the prime factors of k(-18).
2, 3, 19
Let g(l) = l**3 - 5*l**2 + 6*l - 4. Let w be g(4). Suppose w*d - 4*h + 20 = 76, -3*d = 5*h - 74. List the prime factors of d.
2, 3
Suppose 682 = 4*y + 5*v, -3*v = -2*y - 2*v + 334. Let r(m) = -m**3 + 6*m**2 + 9*m - 14. Let x be r(5). Suppose -2*f - x = -y. What are the prime factors of f?
2, 7
Let h(u) be the first derivative of -2*u**2 - 2*u - 1 + 4 - 8*u. What are the prime factors of h(-4)?
2, 3
List the prime factors of ((-1326)/5)/((-102)/255).
3, 13, 17
Let h(o) be the third derivative of o**4/24 + 23*o**3